t is the greatest common divisor of 66 and b?
66
Let s(w) = w**3 - 32*w**2 + 251*w - 97. Let b be s(12). Suppose g = -4*g + 3*l + 38, -4*g = l - 44. Calculate the greatest common factor of b and g.
5
Let c be 14/6 - (-35)/21. Suppose -4*v + 33 = -v - 5*s, -c*s = -3*v + 33. Calculate the highest common divisor of v and 143.
11
Let w be (-2)/((-15)/(360/16)). Suppose -4*t + 1874 + 205 = w*o, 0 = 3*o - 2*t - 2097. What is the highest common divisor of 41 and o?
41
Let a be (-603)/24 - (-4)/32. Let z = 29 + a. Suppose 0 = 4*w + 16, 5*w - 5 = -d - z*d. Calculate the greatest common factor of d and 25.
5
Let v be 1/2 + 174/4. Let t be ((-352)/33 - -10)/(2 - (-67)/(-33)). What is the greatest common divisor of t and v?
22
Let v = -19255 + 20496. Calculate the highest common divisor of v and 1679.
73
Suppose v - 5 = -j, -4*v + 35 = 5*j - 4*j. Let m be -1 - (v - (1 - 1)). Let q = 25 - m. What is the greatest common factor of q and 4?
4
Suppose 2*f - 104 = r, -r = 3*f + 70 - 226. Suppose 0 + 70 = -5*q. Let w be 6/2*(q - -27). Calculate the highest common factor of w and f.
13
Suppose -63*i + 1275192 = 113*i + 2*i. Calculate the greatest common divisor of i and 36.
36
Suppose -12*v = -11*v - 4*x - 212, -3*x = -5*v + 992. Calculate the greatest common divisor of v and 39592.
196
Let r be 1 - ((-6240)/(-8))/6. Let a = 414 + r. Calculate the greatest common divisor of a and 15.
15
Let g be 2/4*(-4 - -26) - -7. Calculate the greatest common factor of 20124 and g.
18
Suppose 5*k = 5*h - 40, 3*h + k + 2*k - 12 = 0. Let t(b) = 0 - 4*b + h + 5*b. Let q be t(8). What is the highest common factor of 56 and q?
14
Suppose -2275 = 53*o - 58*o + a, 3*o + 3*a = 1365. What is the highest common factor of o and 130?
65
Suppose 455*k - 4845 = 458*k. Let w be ((-3)/(-2))/(-4 + k/(-400)). Calculate the highest common divisor of w and 20.
20
Suppose 268*y + 123*y = 97*y + 8973762. What is the highest common factor of y and 131?
131
Suppose 0*b + 2*b - 1323 = -3*u, b - 2*u - 658 = 0. What is the highest common factor of 84 and b?
12
Suppose -5*j - 6*r = -2*r - 210, -j + 2*r + 42 = 0. Let c be (25 + 2891/(-245))/((-6)/(-105)). Calculate the greatest common factor of c and j.
21
Suppose 17*f - 21535 - 160610 = 61635. Calculate the greatest common divisor of f and 30.
30
Let w be 282 - ((27/15)/(-3) + 54/(-10)). Calculate the greatest common factor of 162 and w.
18
Let m = 652 - 649. Suppose 0 = 2*w + y - 33, 0 = 2*w - m*y - 101 + 80. What is the greatest common divisor of 105 and w?
15
Suppose 0 = -3*p + 3*c + 54, -8*p + 34 = -6*p - c. Suppose -18*k = -p*k - 168. Let z(s) = 3*s. Let b be z(2). What is the highest common factor of b and k?
6
Suppose -1439 = -15*b + 3391. Let j(v) = 3*v**2 - 5*v + 2. Let q be j(3). What is the highest common divisor of b and q?
14
Let h be (-234025)/(-296) - (-2)/(2 + (-20)/(-6)). Calculate the greatest common divisor of 2034 and h.
113
Suppose 14*d + 1362 = 2538. What is the highest common factor of d and 1188?
12
Let z(s) = -5*s - s**2 - 5*s - 7 + 0. Let k be z(-6). Let n = 2481 + -2345. What is the highest common divisor of k and n?
17
Suppose -10*i - 40 = -2*i. Let o be i/(-6) + (-5)/(-30) + -1. Suppose o = 2*u + 89 - 341. What is the highest common divisor of 18 and u?
18
Let l(o) = 90*o + 57. Let c be l(0). Suppose 2*w - 140 = -3*q, -q + 52 = -59*w + c*w. What is the greatest common factor of q and 6?
6
Let v = -6075 + 6141. Calculate the highest common factor of v and 7887.
33
Suppose -5*w - 19*w + 826462 = 67*w. Calculate the greatest common factor of 57 and w.
19
Let d be 3/(3 + 0 - 4) - -682. Let q = d + -640. Calculate the greatest common divisor of 286 and q.
13
Let t(i) = i**2 - 17*i - 33. Let x be t(18). Let f be 3 + 0 - (-175)/(-21)*x. Calculate the greatest common divisor of 4 and f.
4
Suppose 5*q + 4 = 34. Let r be 105/q - 7/(-14). Suppose -4*v + r = 2. What is the highest common factor of 1 and v?
1
Suppose -19*f = -13*f - 60. Let h be 1 - (15/f)/((-12)/208). Calculate the greatest common factor of 108 and h.
27
Let a be (32 + 2)*2/(-11 + 13). What is the highest common divisor of 1802 and a?
34
Suppose 5*t - 5*g = 35, 29 = 2*t - 2*g + 3*g. Suppose 0 = -351*y + 376*y - 210 + 10. What is the highest common divisor of y and t?
4
Suppose 74*n - 78*n + 48 = 0. Suppose -53 = -5*f - 3*i, n = f + 4*i - 2*i. Calculate the greatest common divisor of 50 and f.
10
Suppose 2*a = 4 - 10, n - 4*a = -105. Let r = n + 285. Calculate the greatest common factor of 12 and r.
12
Let q = 956 + -540. Suppose q = -39*m + 1391. What is the greatest common divisor of m and 625?
25
Suppose -70*t + 320 + 190 = -55*t. Let c(a) = a + 13. Let w be c(-8). Suppose w*y - 376 = 134. Calculate the highest common factor of y and t.
34
Suppose -666 = u + 3*r, 2*u = 11*r - 16*r - 1328. Let l = u + 657. What is the highest common divisor of l and 129?
3
Suppose -3*f + 681 = 18*q - 17*q, 231 = f + q. Let i = 7 + 18. What is the highest common divisor of i and f?
25
Let a = 7079 - 7064. What is the greatest common divisor of 1149 and a?
3
Let i = 563 - 560. Suppose 0*j - i*w - 275 = -4*j, 0 = j - 4*w - 85. Calculate the highest common divisor of 273 and j.
13
Suppose -4*z + 5*z + 1 = 0, -5*z + 163 = l. Calculate the greatest common factor of 492 and l.
12
Let c = 2067 - 1863. Let q(n) = n + 6. Let l be q(-3). What is the highest common divisor of c and l?
3
Suppose -1622 = -8*y + 5722. What is the greatest common divisor of y and 81?
27
Let h = 1908 + -1883. Calculate the greatest common divisor of 125 and h.
25
Suppose -5*i = 3*n - 536, n - 151 = 4*i - 607. Calculate the highest common divisor of 25648 and i.
112
Let q be 182/52 + -2857*54/(-12). What is the highest common divisor of q and 60?
20
Let k be 15*-4*25/(-15). Let g be 12*12/(-36) - -44. Calculate the greatest common divisor of k and g.
20
Let v = 3462 + -3259. Calculate the greatest common factor of 133 and v.
7
Let u(h) = h**3 - 24*h**2 + 22*h + 26. Let t be u(23). What is the highest common factor of 447 and t?
3
Let n(p) = -55*p - 1624. Let g be n(-33). What is the greatest common divisor of 35717 and g?
191
Let i = -7270 + 7351. Calculate the highest common factor of i and 12.
3
Let u(p) = 2*p + 99. Let a be u(0). Suppose 0 = 3*z + t - 666, -666 = -3*z + t - 6*t. Let q = z - 211. Calculate the highest common divisor of q and a.
11
Let g be ((-51)/153)/(1/(-4068)). What is the highest common factor of 9 and g?
3
Let m be 2*117/52*(-1 + 87). Let i = m - 346. What is the greatest common factor of 287 and i?
41
Suppose 15*t = 37 + 23. Suppose 5*o - t*o = 12. Let b be 6/o + 834/4. Calculate the highest common divisor of b and 11.
11
Let x = -19 + 11. Let d = x + 18. Suppose -82*q = -2962 - 4418. Calculate the greatest common divisor of d and q.
10
Suppose -55 + 43 = -3*a. Suppose -15*t + 14*t = 5*f - 2367, -12 = a*t. What is the highest common divisor of 6 and f?
6
Let q(g) = g**3 - 10*g**2 - 34*g - 12. Let a be q(12). Let b = 159 + a. What is the greatest common factor of b and 3?
3
Let v(b) = 92*b**2 - 644*b + 10. Let f be v(7). Suppose 4*g - 537 - 203 = 0. What is the highest common divisor of f and g?
5
Let g be (46/(-10) - (3 + -4))/(164/(-1230)). What is the highest common divisor of g and 1683?
9
Let a(g) = 3*g + 33. Let h be a(13). Suppose c = -2*o + 168, -3*o + h*c + 266 = 70*c. What is the greatest common divisor of o and 172?
86
Let c(o) be the first derivative of -o**4/4 - 16*o**3/3 + 19*o**2/2 + 79*o - 146. Let m be c(-17). Calculate the highest common divisor of m and 75.
15
Let i be 6430/(-2572) + (-2)/(4/(-455)). Let j be (-1)/2 + 105/2. Let q = j - 27. Calculate the highest common factor of i and q.
25
Suppose 0 = 7*d - 28 - 1687. Let k be 4/(-26) - 4570/(-130). Calculate the highest common divisor of d and k.
35
Let p be 1/(-2)*-2 + 3. Suppose -2*x - 3*q + 109 = 0, 4*q = 3*x + 1024 - 1264. What is the highest common divisor of p and x?
4
Suppose 1480 = 26*p + 11*p. Let r = -108 - -109. What is the greatest common divisor of r and p?
1
Suppose 0 = -5*n + 27*n + 38*n - 2580. Calculate the greatest common divisor of n and 4429.
43
Let f be (-11 - 145)/13 + 62. What is the greatest common factor of 4010 and f?
10
Suppose 3 = -33*r + 267. Let o(t) be the first derivative of t**3/3 - 5*t**2